of 1025 and m?
41
Let h = 3800 + -3453. What is the greatest common factor of 1 and h?
1
Let w(x) = 440*x**3 + 6*x + 6. Let j be w(-1). Let k be (-1 - 68/10)/(44/j). What is the greatest common divisor of 208 and k?
26
Let t(c) = -c**3 + 12*c**2 - 11*c + 6. Let q be t(8). Suppose 4*x + u = q, x + 80 = 3*x - 3*u. Let i = x - 42. What is the greatest common factor of i and 2?
1
Let f(v) be the first derivative of v**4/2 - 7*v + 282. Let h be f(2). What is the highest common factor of 288 and h?
9
Let c(v) = -1335*v + 2840. Let o be c(2). Let z = 22 + -12. Calculate the highest common divisor of z and o.
10
Let b be 29 - (3/9 + (-16)/12). Suppose 0*n + 10*n - b = 0. Let i be (45/10)/(n*(-2)/(-84)). Calculate the greatest common divisor of 21 and i.
21
Let r be (8/(-4))/((4/(-64))/(-1)). Let g = r - -74. Let c = 56 + -28. Calculate the greatest common divisor of g and c.
14
Let n = 85 - 61. Let o be (n - 18)/(6/14). What is the greatest common divisor of o and 119?
7
Let f(s) = s**3 + 4*s**2 - 9*s + 9. Let m be f(-6). Let x(n) = n**3 + 7*n**2 - 20*n - 5. Let u be x(m). What is the greatest common factor of 104 and u?
13
Suppose 41*k - 42*k - 1420 = -5*s, -1435 = -5*s - 2*k. What is the greatest common divisor of 15 and s?
15
Suppose 26 = 5*j + 16. Let p be (-1)/((-3 + j)/3). Let y be (2 - p)*(-75)/5. Calculate the greatest common divisor of 120 and y.
15
Let b be (-42)/(-49)*7*(-66)/4. Let l = 138 + b. Calculate the highest common divisor of l and 13.
13
Suppose 33*v = -28*v + 36*v + 400. Calculate the greatest common factor of v and 598.
2
Suppose 26*h + 3666 - 62317 = 162453. What is the greatest common divisor of 24 and h?
8
Let g be 1/(7*5/175). Suppose -2*v = -3*u - 323, -6 = g*u - 1. What is the greatest common factor of 200 and v?
40
Let f = 16413 + -16402. Calculate the greatest common factor of f and 99.
11
Let w be (-73)/(-584) - 703/(-8). Calculate the highest common factor of 1188 and w.
44
Let a(u) = 265*u - 1366. Let s be a(6). What is the greatest common factor of 1106 and s?
14
Let z(k) = 6*k + 0*k**3 + k**3 - 9 - 11*k**2 + 0*k**2 - k**2. Suppose j = -4*j + 60. Let u be z(j). Calculate the highest common factor of u and 9.
9
Let k(h) = h**3 + 14*h**2 - 3*h - 15. Let n be k(-14). Let w = -128 + 182. What is the greatest common divisor of w and n?
27
Let x = 162 - -84. Let a(m) = -m**3 + 18*m**2 + 124*m - 1275. Let p be a(21). What is the greatest common factor of x and p?
6
Suppose 7*y + 16 = 9. Let g be y/(2855/(-570) + 5). What is the highest common factor of g and 6?
6
Let a(h) be the second derivative of 4/3*h**3 - 4*h**2 + 0 - 30*h. Let o be a(6). What is the greatest common divisor of o and 8?
8
Let p be 4/24 - 94/(-12). What is the greatest common factor of p and 2?
2
Let j be 2/3*(-3588)/(-8). Let d = 350 - j. Calculate the highest common factor of d and 51.
51
Let s(r) = -3*r**2 - 67*r - 12. Let a be s(-22). What is the highest common divisor of 58 and a?
2
Let u(r) = -r**3 + 9*r**2 + 12*r - 28. Let q be u(10). Let s(o) = -o**3 - 10*o**2 - 22*o + 20. Let a be s(q). Calculate the highest common divisor of 544 and a.
68
Let p(w) = 3*w**2 + 35*w - 63. Let g be p(16). What is the greatest common factor of g and 165?
55
Let n be 55/(((-4)/6)/((-344)/258)). What is the highest common divisor of 3883 and n?
11
Let f = 24 + -4. Suppose -12*i + f = -8*i. Suppose 2*m = 4*y + 28, 0*m = -4*m + i*y + 50. What is the greatest common factor of 40 and m?
10
Let j = 69 - 77. Let a(g) = 4*g**2 + 27*g + 14. Let r be a(j). Calculate the greatest common factor of r and 162.
54
Let i(u) = 13*u - 7. Let h be i(5). Let d = -52 + h. Suppose d*j + 2*j = 56. Calculate the greatest common factor of j and 14.
7
Suppose 22*a + 2 = 68. What is the greatest common divisor of 39 and a?
3
Suppose -z + 4*h = z - 336, 2*z + 5*h - 327 = 0. Let i = 406 + z. Calculate the highest common factor of i and 26.
26
Let s(x) = -x**3 - 18*x**2 + 31*x - 105. Let d be s(-20). Calculate the greatest common divisor of 111 and d.
3
Suppose 373962 + 113118 = 66*k. What is the highest common divisor of 180 and k?
180
Let i(b) = 38*b**2 + b + 2. Let t be i(-1). Let d be (-8)/28 + 44/7. Suppose 7*a + d*a = t. What is the greatest common divisor of 1 and a?
1
Suppose 0 = -t - 39 + 54. Let r be ((-36)/t)/(68/(-70) - -1). Let j be 2*4/((-32)/r) + 1. What is the greatest common factor of 2 and j?
2
Let d be (12/(-18))/((-64)/(-528))*-98. What is the greatest common factor of d and 490?
49
Let k = 73 - 69. Suppose b = -k*y + 17, -5*b + 11 = -5*y + 26. Let q be 168/16 - b/2. Calculate the greatest common factor of q and 60.
10
Suppose 20*x - 86154 - 364142 = -2*x. Calculate the highest common divisor of x and 68.
68
Suppose 255 = j + 241. Suppose -4*i - j = -322. What is the highest common factor of 21 and i?
7
Let f = 7455 + -7119. What is the highest common divisor of 8 and f?
8
Suppose -2*s + 93 = -491. Let b = 320 - s. Calculate the greatest common factor of 182 and b.
14
Let b be (-16 + -6 + 13)*(-44)/6. Suppose 3*j - 39 = -o + b, 0 = -j + 3*o + 35. Calculate the greatest common factor of j and 140.
35
Suppose -5*n - 5*p = -85, -8*n - 4*p = -6*n - 38. Calculate the greatest common factor of n and 305.
5
Let q be 8/(-24)*-9 - 11*-2. What is the highest common divisor of q and 16025?
25
Let i be (34/7 - (35 - 30)) + 2210/35. Calculate the highest common divisor of 77 and i.
7
Suppose 720 = 317*v - 309*v. Calculate the greatest common divisor of 4905 and v.
45
Let q(z) = -z**2 - 2*z + 20. Suppose -44 = -193*a + 189*a. Let i be (0/(-2))/(13 - a). Let o be q(i). What is the greatest common divisor of 16 and o?
4
Let s(m) = 9*m**2 - 369*m + 150. Let w be s(41). Calculate the highest common factor of w and 19200.
150
Suppose -366*p + 365*p + 5*m = -139, p + 4*m - 76 = 0. What is the greatest common factor of 13208 and p?
104
Let j(p) be the first derivative of -p**4/2 - p**3 - 3*p**2/2 - 16*p - 23. Let l be j(-3). Let v = 257 - 147. Calculate the greatest common factor of l and v.
10
Let k be (-12)/16*(1*-3 - 1). Suppose -k*d - 306 = 3*d. Let x = 71 + d. What is the highest common factor of x and 20?
20
Let q(m) be the third derivative of -m**5/60 - 5*m**4/3 - 18*m**3 - 5*m**2 - m. Let s be q(-18). Calculate the highest common factor of s and 36.
36
Suppose 5*a - 17 = 18. Let y = -329 - -336. Calculate the highest common factor of a and y.
7
Let v be (2 + -24)*5/(-10). Let w be (-2100)/(4 - 8) + 3/1. Suppose -184*d = -181*d - w. What is the highest common divisor of v and d?
11
Let q(x) = -8*x + 21. Let d(t) = 8*t - 20. Let k(j) = -5*d(j) - 4*q(j). Let c be k(6). Let i = 1 - c. Calculate the greatest common divisor of i and 3.
3
Let i be -7 + (1 - -2) + 5*-1. Let a be -73*30/i + (-8)/(-12). Calculate the highest common divisor of a and 183.
61
Suppose 2*q + 2697 = z, 7605 + 5902 = 5*z + q. Calculate the highest common divisor of 37 and z.
37
Let o(f) = f**2 - f - 23. Let u be o(6). Suppose 5*l - 127 - 28 = -5*y, l = y + 25. Calculate the greatest common factor of u and l.
7
Suppose 0 = -340*k + 24*k + 9882 + 15082. Suppose 5*d = 3*u + 7496, 3*d = 8*d - 2*u - 7499. Calculate the highest common factor of k and d.
79
Suppose 5638 = 4*k - 3*q, 54*q - 55*q - 2 = 0. Calculate the greatest common factor of k and 640.
128
Suppose -h - 4*r + 7 = 0, -2*h = -42*r - 25 + 11. Let k be (0 + -1)/((-1)/77). Calculate the greatest common divisor of k and h.
7
Let a = -184 + 108. Let c be 835*(-2)/(-8) - 19/a. What is the highest common factor of c and 19?
19
Suppose 0 = -2*h + 5*b + 791, -5*h + 3*b + 2530 - 619 = 0. What is the greatest common factor of 1674 and h?
54
Let d be ((-342)/(-19) - 10) + 106. What is the highest common divisor of 4674 and d?
114
Suppose -3*i + 9 = 5*d - 2, 5*d = i + 23. Suppose t = -t + 8. Suppose t*q + 0*q = 8. Calculate the highest common factor of q and d.
2
Let j(u) = -2*u**2 - 159*u + 1220. Let x be j(7). What is the highest common divisor of x and 9720?
9
Suppose 2*w - 62 = 28. Suppose 4*i = 4, p - 2*i = i + w. What is the highest common divisor of 456 and p?
24
Let l = -361 - -514. Let a(i) = -12*i - 99. Let r be a(-9). Calculate the highest common divisor of r and l.
9
Let w(h) = h**3 - 24*h**2 - 41*h + 241. Let u be w(26). Let q = 545 - u. Let y = -107 - -155. C